 + 1. Let y = -33 + 29. Let m = y - w. What is the units digit of m?
6
Let d = 259 + -16. What is the tens digit of d?
4
Let j be (0 - 3)/3 - -38. Let r = j + -17. Let g = r - 8. What is the units digit of g?
2
Suppose 2 + 4 = 3*p. Suppose o - 7 = p*n, 0*o - 2*n - 10 = -2*o. Suppose o*u + g = 28, 3*u - 58 + 22 = -3*g. What is the units digit of u?
8
Suppose 0 = 2*k - 5*k + 9. Suppose k*w - 2*w = 16. What is the tens digit of w?
1
Let t = 9 - 7. Suppose 48 = 2*c - 2*s - s, -62 = -t*c - 4*s. What is the tens digit of c?
2
Let j(m) = m**2 + 4*m + 3. Let o be j(-2). Let a = o - -1. Suppose a*c + 5*c - 35 = 4*p, 0 = c + p + 2. What is the units digit of c?
3
What is the tens digit of (56/(-70))/(1/(-45))?
3
Suppose 2*d = -o + 4*o - 11, 3*d = -2*o - 10. Let g be 3*d/(-30)*30. Let h = g + -5. What is the units digit of h?
7
Suppose -5*o + 20 = 0, 2*r - o = -2*r - 4. Suppose r = -n + 3*n - 38. What is the tens digit of n?
1
Let x(o) = -o**3 - 4*o**2 + 7*o - 7. What is the tens digit of x(-7)?
9
Let i(h) be the second derivative of -h**4/12 + 5*h**3/3 - 3*h**2/2 - h. What is the units digit of i(5)?
2
Suppose 0 = q - 2*w + 1, -3*q = -4*q - 4*w + 11. Suppose 0 = -g + 2 - q. What is the units digit of (-2 - g)*-3 + 0?
3
Suppose -66*h - 24 = -70*h. What is the units digit of h?
6
Suppose -4*z = 4*h + 36, 4*z + h = -z - 33. What is the units digit of (-3 + z)/(12/(-16))?
2
Suppose 4*k - 31 + 7 = 0. Suppose 0 = -5*v - 15, 0*v - 30 = -3*u - v. Let o = u - k. What is the units digit of o?
5
Let i(v) be the second derivative of v**4/6 - v. Suppose 4*y + 6 - 2 = 0. What is the units digit of i(y)?
2
Suppose 2*h - 1 - 3 = 4*w, -4*w = 2*h + 28. What is the units digit of (h/6)/(1 + -2)?
1
Let p(i) = -1. Let s(l) = 2*l + 16. Let d(t) = -3*p(t) - s(t). What is the units digit of d(-13)?
3
Suppose -5*w - 28 = -w. Let m = 1 - w. Let f = 25 - m. What is the units digit of f?
7
Suppose -k = -2*i - 16 + 42, i + 4*k + 5 = 0. Let n = 23 - i. What is the tens digit of n?
1
Let z(u) = u**3 - 2*u**2 + 2. Let y be z(2). Let b = -2 - -3. What is the units digit of 0*y/(-4) + b?
1
Let v be -3 - 1/(1/(-2)). Let m(b) = 12*b**2 + b. What is the tens digit of m(v)?
1
Let k = -10 + 14. Suppose 7*a - k*a - 36 = 0. What is the units digit of (-33)/2*(-8)/a?
1
Suppose 2*j - 41 - 7 = 0. What is the units digit of j?
4
Let u = 38 + -1. Suppose -4*y + 43 = -u. What is the tens digit of y?
2
Let w(k) = -k**3 - 2*k**2 + 5*k - 3. Suppose -9*d + 4*d = 20. Let p be w(d). Let h = p + -4. What is the units digit of h?
5
Let a be (2 + -2)/(0 + -1). Suppose a = -u + l - 0*l + 1, 2*l - 10 = -2*u. What is the units digit of u?
3
Suppose -4*v - 3*a + 37 = 0, -v + 4*a = 2*v - 9. Suppose -3*j = -v - 8. Suppose 25 = j*h - 5. What is the units digit of h?
6
Suppose d + 8 = 3*d. Let b(z) = 4 + 0*z - z + 1. What is the units digit of b(d)?
1
Let d(r) = r**3 - r**2 + 2*r. Let m be d(2). Suppose -a - 4*a = 0. What is the units digit of m + a - (-3)/3?
9
Let b(p) = 3*p**2 + 3*p - 1. Let r be b(-4). Suppose -4*w = -9*w + r. Let v(h) = h**3 - 8*h**2 + 8*h + 3. What is the units digit of v(w)?
0
Let h(q) = 0 + 1 + 5*q - 3*q**2 + 2*q**2. What is the units digit of h(5)?
1
Let j(k) = 3*k - 2. Let g be j(3). Suppose g*v = 3*v. Let n = 2 + v. What is the units digit of n?
2
Let c = 47 - 31. What is the units digit of c/10 - (-6)/15?
2
Let b(a) = a + 9. Let q(l) = -4*l. Let x be q(2). Let u be b(x). Let j = 2 + u. What is the units digit of j?
3
Let l = -31 - -49. What is the units digit of l?
8
Let b(j) = j + 5. Let z(l) = 10. Let y(t) = 7. Let n(o) = 7*y(o) - 5*z(o). Let c(i) = -b(i) - 5*n(i). What is the units digit of c(-4)?
4
Suppose 3*o - 6 = -0, -o = 5*z - 7. What is the tens digit of ((-26)/4)/(z/(-2))?
1
Let z(u) = -7*u - 7. What is the tens digit of z(-5)?
2
Suppose c - 16 = 2*c - 4*x, 2*x - 18 = -2*c. Suppose y - i + 0*i - 45 = 0, c*i + 229 = 5*y. What is the units digit of y?
9
Let b(g) = g**3 - 6*g**2 + 3*g - 7. Let j be b(6). Let c = j + 3. What is the tens digit of c?
1
Let t = -132 + 232. What is the tens digit of t?
0
Let p(y) be the first derivative of -y**4/4 - 2*y**3 - y**2/2 - 2*y - 2. Let j be p(-6). Suppose 2*b - j*b = -2. What is the units digit of b?
1
Let s(w) = w**3 + 4*w**2 - 3*w - 6. Let b be s(-4). Suppose 3*k - b = -0*k. What is the units digit of k?
2
Let d(z) = z**3 - 13*z**2 + 4*z - 12. What is the tens digit of d(13)?
4
Suppose 4*l - 5 = -0*l + 5*t, -12 = -4*t. Let h be (-4)/(-10) + (-12)/5. Let f = l + h. What is the units digit of f?
3
Let u be 3*2/(-9)*12. Let b = -5 - u. Suppose -3*a + 8*t = 4*t - 3, -b*a - t + 3 = 0. What is the units digit of a?
1
Let k(b) = 13*b - 1. Let h be k(-1). Let i = h - -7. Let d = i + 10. What is the units digit of d?
3
Let j = 1 - -63. What is the tens digit of j?
6
Let i(f) = -2*f + 9. Let s(w) = -2*w + 8. Let u(y) = 5*i(y) - 6*s(y). Let a be u(3). Suppose -a*z + 7 = -2. What is the units digit of z?
3
Suppose 4*g + 2*f = -0*f + 58, 4*g - 59 = -3*f. Suppose -15*t + 7*t + 40 = 0. Suppose -g = -t*m + 6. What is the units digit of m?
4
Let t = -40 - -61. Let j = t + -13. What is the units digit of j?
8
Let v(m) = 4*m + 8. Let i be v(8). What is the units digit of i/(-15)*(-3)/4?
2
Let l(r) = -4*r**3 - 4*r**2 + 2*r + 10. What is the tens digit of l(-4)?
9
Let q = -28 + 40. What is the units digit of q?
2
Suppose 3*z = -4*y - 103, -3*y - 8 - 120 = 4*z. Let q = 49 + z. What is the units digit of q?
0
Let y = 119 - 61. What is the units digit of y?
8
Suppose 0 = -2*d - 3*d + 80. Suppose -5*t = -3*k - d, -t + 2*t + k = 8. What is the units digit of t?
5
Let n be 2/11 - 984/(-33). What is the units digit of (8/10)/(4/n)?
6
Suppose -4*k = -3*k + 4*v - 29, 0 = -4*k + 5*v + 179. What is the units digit of k?
1
Suppose -5 = 3*b + 1. Let h = b + 7. Suppose -2*x + 4 = 2*g - 2, h*x + 17 = 3*g. What is the units digit of g?
4
What is the tens digit of 1 + (-80)/15*-9?
4
Let n(m) = -2*m**2 + 1. Suppose 3*r = 2*r - 3. Let i be n(r). Let a = i - -24. What is the units digit of a?
7
Let g(w) = -102*w + 2. Let l be g(1). What is the tens digit of l/(-6)*36/30?
2
Let r = 18 + -10. Let y = 0 + r. What is the units digit of y?
8
Let s = 148 + -127. What is the units digit of s?
1
Let i be (1 + 1)/((-2)/(-1)). Let n(r) = 5*r**3 - 1. Let f be n(i). Suppose f = 3*k - 2. What is the units digit of k?
2
Suppose 0 = 2*j + 4*o + 24, j + o + 10 = -3. Let v = -32 + 55. Let a = v + j. What is the units digit of a?
9
Suppose 18 = -5*f - 5*v + 128, 3*v = 4*f - 109. Let m = f - -8. What is the tens digit of m?
3
Suppose w + 21 = c, -c - w = -3*w - 23. Let i = c + -9. What is the tens digit of i?
1
What is the units digit of (-1 - (-1 - 7/2))*16?
6
Let j(d) = d + 27. Let u be j(0). What is the tens digit of -8*(-2)/(24/u)?
1
Let m(t) = -28*t - 2. Let v(j) = j - 1. Let l(p) = -m(p) + v(p). What is the units digit of l(1)?
0
Suppose -4*o + 528 = 12. What is the tens digit of o?
2
Let b(a) = a**2 + 5*a. Let t be b(-6). Suppose -t*g = -3*g - 48. What is the units digit of g?
6
Suppose j = -3*d - 2*d - 101, -j - 17 = d. Let g = d - -29. What is the units digit of g?
8
Let w(s) be the first derivative of -s**3/3 + 2*s**2 - 2*s + 1. Let p = 4 - 1. What is the units digit of w(p)?
1
Let z(y) = 2*y. Let s = -8 - -6. Let f be z(s). Let j = f - -7. What is the units digit of j?
3
Let i(r) = -r - 5. Let c be i(-5). Suppose 2*z + 2*z - 8 = c. Suppose 0 = -z*j - 19 + 51. What is the units digit of j?
6
Suppose 3*o = 4*x - 15, -3*x - 3 + 27 = 2*o. Let l = x + -1. What is the units digit of l?
5
Suppose 2*j = 3*j - 151. What is the tens digit of j?
5
Suppose -5*n + f = -29, -5*n + 2*n = -f - 19. Suppose 0 = n*o - 3*o + 26. Let b = o + 18. What is the units digit of b?
5
Let x(k) = k**3 + k**2 + 4. Let t = 0 - -3. What is the units digit of x(t)?
0
Let d(j) = -j**3 - 2*j**2 + j + 2. Let f be d(-2). Suppose 6*v = -k + 4*v, f = -3*k + 5*v + 11. What is the units digit of 4/k*(-3 + 7)?
8
Let t(f) = -11*f**3 + 11*f**2 + 5*f - 39. Let d(k) = 7*k**3 - 7*k**2 - 3*k + 26. Let l(u) = 8*d(u) + 5*t(u). What is the units digit of l(0)?
3
Let c = -42 - -30. Let f be ((-4)/c)/((-1)/(-15)). Suppose f*b - 53 = 12. What is the units digit of b?
3
Let q = -13 - -27. What is the units digit of q?
4
Suppose -5*i + 124